2444 - 34?
-230343033
In base 13, what is 2815246 + 3?
2815249
In base 15, what is -703b18 - e?
-703b27
In base 4, what is -310300322232 - 3?
-310300322301
In base 8, what is 121507 - 146?
121341
In base 3, what is -10 - -101101111012001200?
101101111012001120
In base 11, what is 8417 - -6?
8422
In base 3, what is 1210 - 2112112010021?
-2112112001111
In base 7, what is 0 + 25351435?
25351435
In base 9, what is 5 + -323103607?
-323103602
In base 16, what is f94f4f - 1?
f94f4e
In base 5, what is 4 - -1103200310?
1103200314
In base 13, what is -a27 + 19c88?
19261
In base 11, what is -2 + a359120?
a359119
In base 14, what is -3186334 - 1?
-3186335
In base 14, what is -29533 + 422?
-29111
In base 9, what is -14 - 25082020?
-25082034
In base 11, what is 425a80 - 63?
425a18
In base 3, what is 10 + 101120001220010?
101120001220020
In base 5, what is 10 + 14203440311?
14203440321
In base 15, what is -3a6 - 22b83?
-23039
In base 5, what is -104 - -4421?
4312
In base 8, what is 2563401004 + 5?
2563401011
In base 13, what is -106b4aa + -2?
-106b4ac
In base 11, what is -107a42 + 113?
-10792a
In base 4, what is 1 - -1130030113030?
1130030113031
In base 9, what is -642845573 - 5?
-642845578
In base 6, what is 3415051 + -2140?
3412511
In base 6, what is -12440011 + -5120?
-12445131
In base 7, what is -2236001434 + -5?
-2236001442
In base 7, what is -1001 + 1034121?
1033120
In base 7, what is 36664555 - -1?
36664556
In base 10, what is -12348433 + 67?
-12348366
In base 8, what is 12 + -7107073?
-7107061
In base 8, what is -163201 + 207?
-162772
In base 8, what is -23772 - 15424?
-41416
In base 13, what is 835aa7 - -5?
835aac
In base 13, what is -12484 - -91?
-123c3
In base 15, what is -19 - 1349c?
-134b6
In base 14, what is -6 - 300529c?
-30052a4
In base 2, what is -1110010010010011 - -11000011?
-1110001111010000
In base 7, what is -450666 + 154?
-450512
In base 7, what is -10536560 + 1114?
-10535443
In base 3, what is 112022 - 200212120?
-200100021
In base 5, what is -121103232 + 203?
-121103024
In base 5, what is -1343301 + -10?
-1343311
In base 6, what is -124520302 + -1?
-124520303
In base 7, what is -312130251 - -5?
-312130243
In base 12, what is -11969 - 3a6?
-12153
In base 10, what is 1708071 + 3?
1708074
In base 15, what is -ab5be0 + b?
-ab5bd4
In base 4, what is 11213111 - 100?
11213011
In base 3, what is -210112202100212 + -101?
-210112202101020
In base 7, what is -1364314 - 350?
-1364664
In base 13, what is -5 + 100679b?
1006796
In base 12, what is -15204 - 152?
-15356
In base 3, what is 1110 + -21220211120?
-21220210010
In base 9, what is 11663 + 1587?
13361
In base 14, what is -7d19007 - 4?
-7d1900b
In base 5, what is 1 + -143344110?
-143344104
In base 2, what is -11101111001 - -10000110000110?
1101000001101
In base 3, what is -1012200222100100222 - -12?
-1012200222100100210
In base 4, what is 10211310130 - -32?
10211310222
In base 14, what is 4 - 988b84?
-988b80
In base 3, what is -1102122021020 + 1222?
-1102122012021
In base 3, what is 10002120011 + -120?
10002112121
In base 4, what is 1121331 + -201212?
320113
In base 4, what is -11 + -121230332221?
-121230332232
In base 14, what is 1d5042 - -3d?
1d5081
In base 5, what is -132404114224 + 1?
-132404114223
In base 10, what is 157 - 109953?
-109796
In base 6, what is 230451 + -543533?
-313042
In base 15, what is -d8b + 12c28?
11d8c
In base 11, what is 7354402 + 5?
7354407
In base 4, what is -1000331200 - -1?
-1000331133
In base 13, what is 49 - 15217?
-1519b
In base 7, what is -220415452 - -4?
-220415445
In base 16, what is 6fa19f - 1?
6fa19e
In base 11, what is 1 - a5787a?
-a57879
In base 10, what is -4 - -262503392?
262503388
In base 3, what is -1122000210 - -22222?
-1121200211
In base 6, what is -54 - -120211232?
120211134
In base 12, what is 620a - 6a?
6160
In base 15, what is -106 + -1c34?
-1d3a
In base 14, what is c28 - 19ca?
-ba2
In base 7, what is -24 - -115563414?
115563360
In base 13, what is -809430b + 3?
-8094308
In base 9, what is -4 - -5238472?
5238467
In base 10, what is -76394 - -606?
-75788
In base 12, what is 2a212 - -1?
2a213
In base 2, what is 1110111001001 + -1000010?
1110110000111
In base 8, what is -747761 + -16?
-747777
In base 8, what is -7 - -253563512?
253563503
In base 9, what is -5 + 14625283?
14625277
In base 7, what is -1346524563 + -5?
-1346524601
In base 9, what is -21150 + 1772?
-18267
In base 12, what is 98b03918 - -4?
98b03920
In base 12, what is -4 + 4b42515?
4b42511
In base 2, what is -110 + -1010000101000100011000?
-1010000101000100011110
In base 15, what is -5a0d4 - -13?
-5a0c1
In base 14, what is -228b1 - 9c?
-2296d
In base 11, what is 1012 - 9a57?
-8a45
In base 13, what is -ac098 + 57?
-ac041
In base 10, what is -113 + 222105?
221992
In base 15, what is e + -18e53?
-18e44
In base 6, what is -12350520 - 4?
-12350524
In base 6, what is 1022510 - -5230?
1032140
In base 14, what is 0 - -6d7532?
6d7532
In base 12, what is 921335 - -2?
921337
In base 3, what is -12202102122221 - -11?
-12202102122210
In base 12, what is 440 + 10435?
10875
In base 14, what is 3a7 + b331?
b6d8
In base 2, what is -1010001 - -100010001001000001110?
100010001000110111101
In base 13, what is -10 - -3b793?
3b783
In base 15, what is 4b24eb2 + -8?
4b24ea9
In base 2, what is -110001001 + -1011100110011?
-1100010111100
In base 3, what is 2 + 12222011000200021?
12222011000200100
In base 9, what is 2201025 + -254?
2200661
In base 10, what is 528691 - 2?
528689
In base 4, what is -33013 - -11213020?
11120001
In base 9, what is -165461742 + -2?
-165461744
In base 16, what is -a - 422d5?
-422df
In base 10, what is 5701653 - -1?
5701654
In base 14, what is 59 - 1c4132?
-1c40b7
In base 11, what is -1515602 + 2a?
-1515583
In base 13, what is -446 - -bb03?
b68a
In base 5, what is -2200342 - -420412?
-1224430
In base 13, what is 101 + -7312b?
-7302a
In base 12, what is 19aba696 + 5?
19aba69b
In base 3, what is -2 + 11201202021212?
11201202021210
In base 16, what is -36eb - a52?
-413d
In base 9, what is -1104571 + 1153?
-1103417
In base 13, what is -14 + -63260?
-63274
In base 8, what is -4574750 + 3?
-4574745
In base 9, what is 65750280 - 2?
65750277
In base 10, what is 1164745 - -1?
1164746
In base 10, what is 4755 - -57?
4812
In base 3, what is 112212002201 + -10112020?
112201120111
In base 12, what is -4 - -124b1a49?
124b1a45
In base 15, what is 404 - 858?
-454
In base 2, what is -1110 - 101001101000010100101011?
-101001101000010100111001
In base 5, what is 4 + 343332400?
343332404
In base 10, what is 14273439 + 5?
14273444
In base 12, what is 1441b + -13351?
108a
In base 6, what is -151251111305 - 2?
-151251111311
In base 12, what is 0 - 2501816?
-2501816
In base 2, what is -110111111011011101 - 101?
-110111111011100010
In base 5, what is -340204412124 + 4?
-340204412120
In base 16, what is -15b + -461?
-5bc
In base 16, what is -10135b - -5f9?
-100d62
In base 5, what is 4232131 - -44?
4232230
In base 4, what is 30321 + 110001?
200322
In base 2, what is 10101110111 + -100010111000111111?
-100010100011001000
In base 14, what is -971a879 + -1?
-971a87a
In base 10, what is -27086 + -3397?
-30483
In base 2, what is -11010 - 10111000000010100100?
-10111000000010111110
In base 9, what is 721 - -146672?
147503
In base 15, what is c5 - -e3e7?
e4bc
In base 13, what is -7420b3c + 1?
-7420b3b
In base 4, what is -21 - 132320130113?
-132320130200
In base 10, what is 558 - -46413?
46971
In base 12, what is -a + 1463755?
1463747
In base 6, what is 103444205 + 210?
103444415
In base 2, what is 110011001101111001001 - -101010100?
110011001110100011101
In base 7, what is -3 - -100616262?
100616256
In base 9, what is -2 - -41478181?
41478178
In base 5, what is 1211042 + 1343?
1212440
In base 7, what is 35364 - -253?
35650
In base 11, what is -26598 - -1265?
-25333
In base 3, what is -1011121010100 - -10011?
-1011121000012
In base 4, what is -10 + 33130003311?
33130003301
In base 10, what is 5203326 - -6?
5203332
In base 11, what is -3a1a3a7 - -4?
-3a1a3a3
In base 16, what is 13e + -21b80?
-21a42
In base 6, what is -3013153 + 1030?
-3012123
In base 10, what is 533 + 125696?
126229
In base 2, what is -1110000010000001010010011 - 1101?
-1110000010000001010100000
In base 5, what is -244203124322 + 21?
-244203124301